ple of 20?
True
Does 147 divide 13377?
True
Is 5364 a multiple of 18?
True
Is 27 a factor of 189?
True
Does 21 divide 2035?
False
Does 5 divide 660?
True
Does 53 divide 1938?
False
Is 15 a factor of 2820?
True
Is 24 a factor of 252?
False
Does 74 divide 49134?
False
Is 26 a factor of 195?
False
Is 32597 a multiple of 70?
False
Does 10 divide 2528?
False
Does 20 divide 1060?
True
Is 2538 a multiple of 54?
True
Does 11 divide 3609?
False
Does 70 divide 18900?
True
Is 25365 a multiple of 72?
False
Is 69 a factor of 24081?
True
Is 13 a factor of 1382?
False
Is 5066 a multiple of 127?
False
Is 8380 a multiple of 19?
False
Is 20 a factor of 1300?
True
Is 940 a multiple of 20?
True
Is 15188 a multiple of 32?
False
Is 2651 a multiple of 51?
False
Is 7 a factor of 2450?
True
Is 67 a factor of 32294?
True
Is 12 a factor of 2928?
True
Is 3354 a multiple of 13?
True
Is 33 a factor of 3063?
False
Is 90 a multiple of 18?
True
Is 47 a factor of 51182?
False
Is 7565 a multiple of 12?
False
Does 15 divide 63874?
False
Does 101 divide 1294?
False
Is 399 a multiple of 17?
False
Is 23 a factor of 14260?
True
Does 131 divide 4451?
False
Is 32 a factor of 5362?
False
Is 6 a factor of 193?
False
Is 21041 a multiple of 139?
False
Does 3 divide 2457?
True
Is 109 a factor of 163344?
False
Is 6 a factor of 2580?
True
Is 430 a multiple of 10?
True
Is 866 a multiple of 29?
False
Is 1039 a multiple of 15?
False
Is 16 a factor of 8560?
True
Is 4 a factor of 200?
True
Does 20 divide 1599?
False
Is 40 a factor of 160?
True
Is 102 a factor of 13158?
True
Is 25 a factor of 1916?
False
Does 15 divide 5430?
True
Does 60 divide 41759?
False
Does 42 divide 260?
False
Is 9366 a multiple of 14?
True
Is 10 a factor of 430?
True
Is 7 a factor of 1855?
True
Does 42 divide 126?
True
Is 6 a multiple of 6?
True
Does 12 divide 11507?
False
Is 752 a multiple of 8?
True
Does 17 divide 5083?
True
Is 65 a factor of 1040?
True
Does 15 divide 3130?
False
Is 137 even?
False
Is 52 a factor of 2028?
True
Does 189 divide 2646?
True
Is 51 a factor of 2040?
True
Does 12 divide 216?
True
Is 9 a factor of 821?
False
Does 9 divide 3487?
False
Is 8 a factor of 53?
False
Does 19 divide 118606?
False
Does 28 divide 823?
False
Does 185 divide 14817?
False
Does 92 divide 3220?
True
Is 562 a multiple of 4?
False
Is 8 a factor of 10239?
False
Is 167 a factor of 5177?
True
Is 12 a factor of 1469?
False
Is 63 a multiple of 27?
False
Is 10 a factor of 200?
True
Does 106 divide 137?
False
Is 16195 a multiple of 272?
False
Is 93 a factor of 2697?
True
Is 19279 a multiple of 53?
False
Is 23 a factor of 322?
True
Is 84 a factor of 24780?
True
Does 13 divide 456?
False
Is 15405 a multiple of 15?
True
Does 10 divide 2380?
True
Does 180 divide 37800?
True
Is 31016 a multiple of 17?
False
Is 11 a factor of 4530?
False
Is 192 a multiple of 12?
True
Does 23 divide 6126?
False
Is 17545 a multiple of 55?
True
Is 4514 a multiple of 12?
False
Is 17397 a multiple of 16?
False
Is 25263 a multiple of 40?
False
Is 738 a multiple of 13?
False
Is 26624 a multiple of 104?
True
Is 28 a factor of 10318?
False
Is 143 even?
False
Is 7 a factor of 3173?
False
Is 21120 a multiple of 30?
True
Is 154 a factor of 30215?
False
Is 6 a factor of 138?
True
Does 20 divide 10500?
True
Does 9 divide 17118?
True
Is 45 a factor of 900?
True
Does 53 divide 2332?
True
Is 53 a factor of 2394?
False
Does 12 divide 12266?
False
Does 30 divide 2911?
False
Is 889 a multiple of 7?
True
Is 51 a factor of 15198?
True
Does 43 divide 516?
True
Does 163 divide 48900?
True
Does 46 divide 87?
False
Is 3276 a multiple of 14?
True
Is 46503 a multiple of 44?
False
Is 90 a factor of 10710?
True
Is 12094 a multiple of 72?
False
Is 308 a multiple of 4?
True
Does 16 divide 2365?
False
Is 12 a factor of 5052?
True
Does 31 divide 380?
False
Does 12 divide 27267?
False
Does 166 divide 4150?
True
Is 11 a factor of 702?
False
Is 48896 a multiple of 32?
True
Is 78 a factor of 2340?
True
Is 744 a multiple of 28?
False
Is 36 a factor of 22611?
False
Does 23 divide 295?
False
Is 13 a factor of 23010?
True
Does 21 divide 1495?
False
Does 24 divide 960?
True
Is 18 a factor of 1982?
False
Is 30739 a multiple of 296?
False
Is 9520 a multiple of 70?
True
Is 32 a factor of 4390?
False
Is 590 a multiple of 31?
False
Is 17798 a multiple of 22?
True
Is 8 a factor of 1697?
False
Does 17 divide 2121?
False
Is 1680 a multiple of 40?
True
Is 1071 a multiple of 36?
False
Is 14408 a multiple of 8?
True
Is 1359 a multiple of 14?
False
Does 19 divide 23823?
False
Is 124 a factor of 17082?
False
Is 1404 a multiple of 8?
False
Is 13 a factor of 32805?
False
Is 629 a multiple of 37?
True
Is 56055 a multiple of 303?
True
Is 13 a factor of 228?
False
Does 9 divide 8595?
True
Does 93 divide 5952?
True
Is 14 a factor of 3654?
True
Is 20786 a multiple of 37?
False
Is 8 a factor of 8?
True
Does 11 divide 25855?
False
Does 11 divide 1282?
False
Is 75670 a multiple of 6?
False
Is 10 a factor of 5691?
False
Does 5 divide 6028?
False
Is 20 a multiple of 2?
True
Is 13447 a multiple of 35?
False
Does 66 divide 25004?
False
Does 2 divide 16668?
True
Does 5 divide 915?
True
Does 108 divide 26155?
False
Is 47 a factor of 783?
False
Is 242 a multiple of 50?
False
Is 4 a factor of 2564?
True
Does 18 divide 779?
False
Is 63 a factor of 15827?
False
Is 66 a factor of 1650?
True
Is 45 a factor of 852?
False
Is 8460 a multiple of 35?
False
Does 15 divide 188?
False
Is 3 a factor of 1323?
True
Is 655 a multiple of 37?
False
Does 44 divide 836?
True
Does 17 divide 1327?
False
Does 15 divide 12797?
False
Is 4 a factor of 198?
False
Is 36 a factor of 360?
True
Does 248 divide 19633?
False
Does 9 divide 677?
False
Is 480 a multiple of 10?
True
Is 44500 a multiple of 25?
True
Is 188 a multiple of 94?
True
Is 12 a factor of 45039?
False
Is 3178 a multiple of 14?
True
Does 19 divide 12616?
True
Is 10 a factor of 1602?
False
Does 22 divide 55771?
False
Is 12 a factor of 7964?
False
Does 12 divide 16462?
False
Is 6 a factor of 30?
True
Is 5 a factor of 1543?
False
Does 72 divide 491?
False
Is 420 a multiple of 12?
True
Does 15 divide 68089?
False
Is 17 a factor of 107?
False
Does 121 divide 2783?
True
Does 8 divide 64?
True
Is 13717 a multiple of 42?
False
Is 23 a factor of 528?
False
Is 8 a factor of 15429?
False
Does 17 divide 10727?
True
Does 2 divide 29?
False
Is 53 a factor of 12234?
False
Is 92648 a multiple of 148?
True
Is 12590 a multiple of 21?
False
Does 14 divide 70?
True
Is 52518 a multiple of 171?
False
Is 5764 a multiple of 4?
True
Is 11 a factor of 42482?
True
Does 6 divide 11972?
False
Is 20146 a multiple of 198?
False
Is 357 a multiple of 2?
False
Does 25 divide 9710?
False
Is 184 a multiple of 4?
True
Is 420 a multiple of 15?
True
Is 75234 a multiple of 21?
False
Does 20 divide 40240?
True
Is 34816 a multiple of 11?
False
Is 38 a factor of 2014?
True
Does 22 divide 15555?
False
Is 424 a multiple of 3?
False
Does 3 divide 235?
False
Is 33 a factor of 342?
False
Is 7 a factor of 10663?
False
Does 12 divide 108?
True
Is 29257 a multiple of 97?
False
Is 118 a factor of 4165?
False
Does 16 divide 693?
False
Does 13 divide 86?
False
Does 10 divide 259?
False
Is 7258 a multiple of 191?
True
Is 4359 a multiple of 49?
False
Does 15 divide 90?
True
Is 12862 a multiple of 22?
False
Is 588 a multiple of 28?
True
Is 64 a factor of 3200?
True
Is 15 a factor of 8735?
False
Is 4 a factor of 342?
False
Does 10 divide 2940?
True
Is 2576 a multiple of 56?
True
Does 18 divide 288?
True
Is 90 a multiple of 12?
False
Is 130 a multiple of 26?
True
Does 31 divide 8122?
True
Does 5 divide 338?
False
Is 22 a factor of 2335?
False
Does 10 divide 102481?
False
Is 8 a factor of 1364?
False
Does 3 divide 1130?
False
Does 4 divide 1167?
False
Is 18020 a multiple of 69?
False
Does 15 divide 59580?
True
Does 65 divide 5720?
True
Is 312 a multiple of 3?
True
Does 4 divide 258?
False
Is 48 a factor of 134?
False
Does 195 divide 81705?
True
Is 22904 a multiple of 8?
True
Is 14 a factor of 22248?
False
Does 214 divide 13609?
False
Is 5655 a multiple of 5?
True
Is 52181 a multiple of 82?
False
Is 1144 a multiple of 18?
False
Does 18 divide 252?
True
Is 45322 a multiple of 148?
False
Is 8 a factor of 752?
True
Does 33 divide 2673?
True
Is 3136 a mul